{"id":45,"date":"2023-03-02T15:39:21","date_gmt":"2023-03-02T12:39:21","guid":{"rendered":"http:\/\/bon-vivant.com.tr\/?page_id=45"},"modified":"2023-03-02T15:53:44","modified_gmt":"2023-03-02T12:53:44","slug":"satis-noktalarimiz","status":"publish","type":"page","link":"http:\/\/bon-vivant.com.tr\/index.php\/satis-noktalarimiz\/","title":{"rendered":"Sat\u0131\u015f Noktalar\u0131m\u0131z"},"content":{"rendered":"<h4 style=\"text-align: left;\"><strong>\u0130stanbul<\/strong><\/h4>\n<ul>\n<li>BARREL SHOP &#8211; ATA\u015eEH\u0130R<\/li>\n<li>B\u0130BL\u0130OTECA &#8211; RE\u015e\u0130TPA\u015eA<\/li>\n<li>DEKANTE &#8211; \u0130ST\u0130NYE PARK<\/li>\n<li>DO\u011eA \u015eARK\u00dcTER\u0130 &#8211; ET\u0130LER<\/li>\n<li>GRAND CRU &#8211; ATAK\u00d6Y<\/li>\n<li>KAYACANLAR &#8211; CEV\u0130ZL\u0130<\/li>\n<li>K\u0130FFE &#8211; RE\u015e\u0130TPA\u015eA<\/li>\n<li>LA CAVE &#8211; C\u0130HANG\u0130R<\/li>\n<li>LA COMMUNE &#8211; ERENK\u00d6Y<\/li>\n<li>MAR\u0130NE TOBACCO &#8211; KALAMI\u015e<\/li>\n<li>MENS\u0130S MAHSEN &#8211; \u015e\u0130\u015eL\u0130<\/li>\n<li>M\u0130N\u0130 MARKET &#8211; KOZYATA\u011eI<\/li>\n<li>OFF LICENCE &#8211; BAH\u00c7E\u015eEH\u0130R<\/li>\n<li>REFERANS \u0130\u00c7K\u0130 D\u00dcKKANI &#8211; BAKIRK\u00d6Y<\/li>\n<li>R\u0130ND &#8211; KADIK\u00d6Y<\/li>\n<li>STREET WHISKEY &#8211; KADIK\u00d6Y<\/li>\n<li>TE\u015eV\u0130K\u0130YE TEKEL &#8211; N\u0130\u015eANTA\u015eI<\/li>\n<li>T\u0130BO TOBACCO &#8211; BOSTANCI<\/li>\n<li>TOLUAY TEKEL &#8211; BA\u011eCILAR<\/li>\n<li>TREND TOBACCO &#8211; ATA\u015eEH\u0130R<\/li>\n<li>U\u011eUR TEKEL &#8211; \u00c7EKMEK\u00d6Y<\/li>\n<li>V\u0130OLA TEKEL &#8211; \u00dcMRAN\u0130YE<\/li>\n<li>YE\u015e\u0130LTA\u015e &#8211; FERAHEVLER<\/li>\n<\/ul>\n<h4><strong>Di\u011fer iller:<\/strong><\/h4>\n<p>Bilgi i\u00e7in: info@bon-vivant.com.tr<\/p>\n","protected":false},"excerpt":{"rendered":"<p>\u0130stanbul BARREL SHOP &#8211; ATA\u015eEH\u0130R B\u0130BL\u0130OTECA &#8211; RE\u015e\u0130TPA\u015eA DEKANTE &#8211; \u0130ST\u0130NYE PARK DO\u011eA \u015eARK\u00dcTER\u0130 &#8211; ET\u0130LER GRAND CRU &#8211; ATAK\u00d6Y KAYACANLAR &#8211; CEV\u0130ZL\u0130 K\u0130FFE &#8211; RE\u015e\u0130TPA\u015eA LA CAVE &#8211; C\u0130HANG\u0130R LA COMMUNE &#8211; ERENK\u00d6Y MAR\u0130NE TOBACCO &#8211; KALAMI\u015e MENS\u0130S MAHSEN &#8211; \u015e\u0130\u015eL\u0130 M\u0130N\u0130 MARKET &#8211; KOZYATA\u011eI OFF LICENCE &#8211; BAH\u00c7E\u015eEH\u0130R REFERANS \u0130\u00c7K\u0130 D\u00dcKKANI &#8211; BAKIRK\u00d6Y &hellip; <\/p>\n<p class=\"link-more\"><a href=\"http:\/\/bon-vivant.com.tr\/index.php\/satis-noktalarimiz\/\" class=\"more-link\"><span class=\"screen-reader-text\"> &#8220;Sat\u0131\u015f Noktalar\u0131m\u0131z&#8221;<\/span>devam\u0131n\u0131 oku<\/a><\/p>\n","protected":false},"author":1,"featured_media":0,"parent":0,"menu_order":0,"comment_status":"closed","ping_status":"closed","template":"","meta":{"footnotes":""},"class_list":["post-45","page","type-page","status-publish","hentry"],"_links":{"self":[{"href":"http:\/\/bon-vivant.com.tr\/index.php\/wp-json\/wp\/v2\/pages\/45","targetHints":{"allow":["GET"]}}],"collection":[{"href":"http:\/\/bon-vivant.com.tr\/index.php\/wp-json\/wp\/v2\/pages"}],"about":[{"href":"http:\/\/bon-vivant.com.tr\/index.php\/wp-json\/wp\/v2\/types\/page"}],"author":[{"embeddable":true,"href":"http:\/\/bon-vivant.com.tr\/index.php\/wp-json\/wp\/v2\/users\/1"}],"replies":[{"embeddable":true,"href":"http:\/\/bon-vivant.com.tr\/index.php\/wp-json\/wp\/v2\/comments?post=45"}],"version-history":[{"count":7,"href":"http:\/\/bon-vivant.com.tr\/index.php\/wp-json\/wp\/v2\/pages\/45\/revisions"}],"predecessor-version":[{"id":59,"href":"http:\/\/bon-vivant.com.tr\/index.php\/wp-json\/wp\/v2\/pages\/45\/revisions\/59"}],"wp:attachment":[{"href":"http:\/\/bon-vivant.com.tr\/index.php\/wp-json\/wp\/v2\/media?parent=45"}],"curies":[{"name":"wp","href":"https:\/\/api.w.org\/{rel}","templated":true}]}}